3 - 8*l**2 - 4*l + 6. Suppose -5 = 3*p + 13. Let i(f) = -7*f**3 + 8*f**2 + 5*f - 5. Let h(y) = p*k(y) - 5*i(y). What is the tens digit of h(6)?
5
Let d = 18 + -164. Let v = d - -220. What is the tens digit of v?
7
Suppose -4*p + 122 = 2*s, 2*p + 5*s = -3*p + 150. Suppose 32*b - p*b = 154. What is the units digit of b?
4
Let x(o) = 757*o + 24. What is the tens digit of x(8)?
8
Suppose 3*j - 35 = 5*t, 3*t - 4 = 4*t. Suppose j*w + 2*h + 3 = 13, w - 4*h - 24 = 0. What is the units digit of w?
4
Let u(o) = -o**3 + 7*o**2 + 4*o + 7. Let z be u(7). Let y = z + 43. What is the units digit of y?
8
Let m(o) = -o**3 + 2*o + 6. Let w(f) = 8 - 27*f + 5 + 26*f. Let i be w(13). What is the units digit of m(i)?
6
Suppose -1149 = -5*n - u, 312 = 4*n - 4*u - 612. Let i = n + -130. What is the tens digit of i?
0
Let o(m) = 6*m**2 - 4*m - 6. Let f(g) = -g**2 - 18*g - 10. Let a be f(-17). What is the tens digit of o(a)?
6
Suppose -5*n + 2 = o - 16, 2*n + 6 = 4*o. Suppose p + o*p - 132 = -2*v, -162 = -5*p - v. What is the tens digit of p?
3
Suppose -15 = 3*v + 9. Let n(w) = -16*w - 10. Let i be n(v). Suppose 5*a = -4*m + 137, 2*a - m = -2*a + i. What is the units digit of a?
9
Let l = 51 - 48. What is the units digit of (-304)/8*l/(-2)?
7
Let x(j) = -j**2 + j - 42. Let g be x(0). Let d = g + 62. Let a = d + -14. What is the units digit of a?
6
Let a be -3 - ((-7)/2 + (-1)/(-2)). Let w(z) = -z**2 - z + 216. What is the hundreds digit of w(a)?
2
Suppose 0 = -6*d + 1517 + 1765. What is the hundreds digit of d?
5
Suppose 2*c + 4*g - 56 = -c, -4*c = 4*g - 76. Suppose -596 + 37 = -43*a. Let u = c - a. What is the units digit of u?
7
Suppose 1232 = -0*f + 5*f - 3*t, -5*t - 20 = 0. What is the units digit of f?
4
Let n(i) = -i**3 + 14*i**2 - 12*i + 2. Let k be n(13). Suppose 2*l = 79 - k. What is the units digit of l?
2
Let s be (-4)/10 - (-56)/(-10). Let v = s + 15. Suppose 132 = 4*b + 3*k, 2*k - 19 = -b + v. What is the units digit of b?
6
Let m = -28 - -11. Let q = m - -56. What is the tens digit of q?
3
Suppose 5*u - 3*z = 2 + 7, 4*u = 4*z + 4. Suppose q + 3*d - 91 = 0, 0 = 4*q - u*q - 3*d - 85. What is the tens digit of q?
8
Let d = -4991 - -7376. What is the tens digit of d?
8
Suppose 1060 = 6*h - 2*h. Suppose -h - 41 = -2*r. What is the tens digit of r?
5
Let x(l) = l**2 - 3*l - 1. Let d(o) = 3*o**3 + o**2 - 2*o + 1. Let n be d(1). Suppose -3*v = 3*t, 2*v + t + n = 1. What is the units digit of x(v)?
9
Suppose 5*h - 4*q = 7796, q - 1279 = -h + 282. What is the hundreds digit of h?
5
Let g be 2/(-9) + 7/(252/8648). Suppose 55*i = 50*i + g. What is the tens digit of i?
4
Suppose 0 = 17*x + 4*x - 7098. Let t = x + -135. What is the tens digit of t?
0
Let p = 48 - -222. What is the units digit of p?
0
Suppose -r - 5*z + 106 = -9*z, 5*z + 468 = 4*r. What is the tens digit of r?
2
Suppose i = 2 + 541. What is the hundreds digit of i?
5
Suppose 3*b - 24*b = -2940. What is the units digit of b?
0
What is the hundreds digit of (-4)/6 - (-8500)/51?
1
Suppose 0*m + m = -f + 2439, 0 = -m - 2*f + 2437. What is the units digit of m?
1
Let n be 4/18 - 30/135. Let w be 3 + -9 + 1 + n. Let m = w - -12. What is the units digit of m?
7
Suppose d + 41 = l, -l + d = 6*d - 41. Suppose 42 = l*j - 40*j. What is the tens digit of j?
4
Let m = -102 - -106. What is the units digit of ((-15)/m)/(30/(-200))?
5
What is the thousands digit of (1062/413)/((-2)/(-1106))?
1
Let v = -101 - -122. Let t = v - 19. What is the units digit of t?
2
Let b(k) = 6*k**3 + k**2 - k. Let t be b(1). Suppose 4*s - 3*d = 411, -t*d - 371 = -4*s - 11*d. What is the units digit of s?
9
Suppose 5*q + 2*m + 9 = 3, 5*q + 14 = 2*m. Let d(i) = 13*i. Let r be d(-2). Let s = q - r. What is the tens digit of s?
2
Suppose 0 = 3*m - 5*w + 6 - 1, -2*w + 23 = 3*m. Suppose -2*i = 2*q - i - 22, -i + 52 = m*q. Suppose -y + 27 = -q. What is the tens digit of y?
3
Let y(j) = j**3 + 4*j**2. Suppose -4*s + 3*a - 1 = 9, 4*s + 3*a = -22. Let g be y(s). Let n(t) = -3*t + 1. What is the units digit of n(g)?
1
Let i be 35 + -4 + 8 + -6. Let g = 12 + 55. Let d = g - i. What is the units digit of d?
4
Let k be (-570)/20*4/(-3). Let g = 40 - k. Suppose 6*t - g*t = 232. What is the tens digit of t?
5
Let t = -34 + 18. Suppose 5*y - 53 = -c, -10*c + 12*c - 46 = 5*y. Let h = c - t. What is the units digit of h?
9
Let a = -63 - -94. Suppose 0 = -g + 353 - a. What is the tens digit of g?
2
Suppose 5460 = 22*o + 554. What is the units digit of o?
3
Suppose 2*l - 5*q + 137 = 0, 2*q - 7*q - 259 = 4*l. Let r = -61 - l. What is the units digit of r?
5
Let s be (-4 - -3)*1*-71. Suppose 0 = 5*j + s + 139. Let h = 3 - j. What is the tens digit of h?
4
Let j be (-3)/9*(-15)/(-3)*18. What is the tens digit of (-4)/(-5)*j/9*-27?
7
Let d = 159 + 129. What is the hundreds digit of d?
2
Let i(w) = -2*w + 15. Let j(c) = -6*c + 44. Suppose 3*v - d = -3*d + 16, 2*v = 2*d + 24. Let f(l) = v*i(l) - 3*j(l). What is the units digit of f(8)?
4
Let s(g) = 29*g**2 + 1. Let m be s(-1). What is the tens digit of (25/(-10) + 4)*m?
4
Suppose 0 = -h - 5*n, -2 = -4*h - 3*n + 32. Suppose b = 4*r + h, r + 5 = -3*b + 2*b. What is the units digit of (r/1 - -14)*1?
1
Let h(w) = -w**2 + 11*w - 19. Let g be h(16). Let j = 182 + g. What is the tens digit of j?
8
Let j = 17 + -17. Let q be -1 - -2 - -15 - j. Suppose m + 1 = 2*a + q, 2*m + 4*a + 2 = 0. What is the units digit of m?
7
Suppose 0 = -3*h + 4*h - 27. Let j = h + 10. What is the tens digit of j?
3
Let l(a) = 2*a**2 - 10*a + 18. Let i be l(4). Let r be (12 - -2)*1/2. Let f = i - r. What is the units digit of f?
3
Let l(d) = 2*d + 25. Let n be l(-13). What is the units digit of 3*(n + 2 + 0)?
3
Let t be 2*81 - 12*1/4. Suppose -11*o = -t - 1040. What is the hundreds digit of o?
1
Suppose 3995 + 14145 = 10*t. What is the thousands digit of t?
1
Let b = 136 + -330. Let h = b + 395. What is the hundreds digit of h?
2
Let l(z) = z**2 + 10*z + 12. Let i be l(-9). Let y be i - ((-15)/(-3) + -2). Suppose 2*j - 48 = -y*j. What is the units digit of j?
4
Suppose 4*k + 3*p + 11 = 0, -k = 3*p + 2 + 3. Let q be 758/4 - (-1)/k. What is the units digit of (-9)/(q/6)*-7?
2
Let q(n) = 14*n**2 - 9*n - 18. What is the tens digit of q(5)?
8
Suppose 3*h - 2*x + 2 = 2*x, -3*h = -2*x + 4. Let q = h - -35. What is the tens digit of q?
3
Let a = -24 - -26. Let w = 6 + a. What is the units digit of w?
8
Let b(u) = 385*u - 112. What is the units digit of b(3)?
3
Let q = 129 - 12. What is the tens digit of q?
1
Let m = -12 - -16. Suppose -o - m*j + 19 = 0, 28 = o - 0*o + j. What is the units digit of o?
1
Suppose -74 = -g - 2*g - 4*i, 16 = 2*g - 4*i. Suppose -2*s = -g + 16. What is the units digit of s?
1
Let r(s) = s**3 + 4*s**2 + 2*s - 1. Let z be r(-3). Suppose z*w + g + 2*g - 173 = 0, g - 84 = -w. Let m = w + -55. What is the tens digit of m?
2
Let n = -10 + 14. Let t = n + -8. What is the units digit of (-2)/4*32/t?
4
Suppose 2*p = r + 3*p - 5, 20 = 4*r - 3*p. Suppose 3*t + r - 17 = 0. Suppose t*a - 8*a = -120. What is the tens digit of a?
3
What is the hundreds digit of ((-1)/(-1) - 2) + 14450/25?
5
Suppose -9*z + 25*z - 22896 = 0. What is the thousands digit of z?
1
Suppose -14 = -3*m + 58. Let f = m + -20. What is the units digit of f?
4
Suppose 0*j = -4*j + 12. Suppose 4*b = j*c + 229, -4*c + 142 = 2*b - 0*c. What is the tens digit of b?
6
Suppose 4*x - 2*x - 20 = 0. Let g = -13 + x. Let b(j) = -j**2 - 5*j + 3. What is the units digit of b(g)?
9
Let u(b) = -b. Let m(t) = 56*t - 4. Let k(y) = m(y) + 3*u(y). What is the hundreds digit of k(2)?
1
Suppose -72882 = -18*w + 33030. What is the hundreds digit of w?
8
What is the thousands digit of (20 - (-165)/(-15))*118/1?
1
What is the units digit of (1/4)/(3/((-13656)/(-2)))?
9
Suppose 2*a - 2*n = -3*a + 109, 4*a + 4*n = 76. Let x(f) = 3*f - 1. Let g be x(-2). Let h = a + g. What is the tens digit of h?
1
Suppose -5*h = -3*v - 5405, 5*h + 24*v - 5405 = 21*v. What is the tens digit of h?
8
Suppose 2*g - 33 = 3*d, -3*g - 27 = 2*d - 6*g. Let u(l) = 7188*l - 4*l**2 + 3*l**2 - 7199*l. What is the tens digit of u(d)?
1
Let j be (-63)/(-12)*1*12. Suppose 17*z - 2*z = 2085. Let t = z - j. What is the units digit of t?
6
Suppose -3*k = 6*k - 27. Suppose -k*l + 3*c - 36 = -6*l, -42 = -4*l + 2*c. What is the 